 k.
6
Suppose 5*n + 87 = 2*k, 4*k + 3*n = 4*n + 219. What is the greatest common divisor of 28 and k?
28
Let u = -8 - -9. Let c = -4 + 2. Let m = c + 3. What is the highest common divisor of u and m?
1
Let j be 2/10 + (-147)/(-15). What is the greatest common factor of 10 and j?
10
Let l = 613 - 422. Let s be (-8)/12 + l/3. Calculate the highest common factor of s and 21.
21
Suppose -4*r + 7 + 13 = 0. Suppose -44 = -4*p - r*n, 0 = -0*p + p + 3*n - 4. Calculate the greatest common divisor of 144 and p.
16
Let f be 1 + 6/3 + 3. Let b(w) = -w**3 + 5*w**2 + 4*w + 7. Let n be b(f). Let o be n*1*(-12)/20. Calculate the highest common factor of o and 3.
3
Let f be (2 - (-10)/(-3))*-6. Let o be (48/(-10))/((-2)/10). What is the greatest common factor of o and f?
8
Let x(p) = -5*p**3 - 2*p**2 + p. Let n be x(1). Suppose 5*g = 3*m + 47, -m - 3*g = -3*m - 31. Let k = n - m. What is the highest common divisor of k and 2?
2
Let t(n) = 4*n**3. Let i be t(-1). Let p be 58/(i/((-6)/3)). Suppose 6*f - 4*u - p = 3*f, 0 = 5*f + 2*u - 83. Calculate the greatest common factor of f and 30.
15
Suppose -3*c = 2*c + 25. Let r(z) = -z**3 - 5*z**2 + 5. Let a be r(c). Suppose -a*j + 8 = -3*j. What is the highest common divisor of 36 and j?
4
Suppose -3*z = 2*z - 30. Suppose 13*j - 39 = 13. Calculate the highest common divisor of j and z.
2
Suppose 4*i = -5 + 29. Calculate the highest common divisor of 54 and i.
6
Let i be 0 + 0 + 2*(-12)/(-8). What is the highest common factor of 3 and i?
3
Suppose 5*m - 3*j = 55, 3*j - 10 = -3*m - 1. Calculate the highest common factor of 8 and m.
8
Suppose -7 = -7*z + 7. Suppose -4*c - 4*w = -60, 0 = -4*c - 7*w + z*w + 63. What is the greatest common factor of c and 132?
12
Suppose -4 = -3*w + 14. Let i be w/2 - (-42)/3. Calculate the highest common factor of 136 and i.
17
Let v(z) = z**3 - 10*z**2 + 10*z - 5. Let c be v(9). Suppose 2*d - 30 = -c. Let s be 65 - 0 - (-1 + 1). What is the greatest common divisor of s and d?
13
Suppose -w + 3*b = 3 - 44, -5*w + b = -163. Let k be 2/3 - 30/(-9). Calculate the greatest common factor of k and w.
4
Let u(k) = 3*k**3 - k**2 - k. Let f be u(-1). Let a be f - -1 - (0 - 14). Calculate the highest common factor of a and 12.
12
Let s = 31 + -5. Calculate the greatest common divisor of 39 and s.
13
Let x(o) = -o**2 + 12*o - 3. Let d be x(7). Suppose c - d = -3*c. Suppose -2*f = -6*f + 4. What is the greatest common divisor of c and f?
1
Let l be ((-48)/(-6))/(4/(-206)). Let g be 2/8 - l/16. What is the highest common factor of g and 78?
26
Suppose -9*w + 330 = -390. What is the greatest common divisor of w and 120?
40
Let z(m) = m**3 + m**2 - 8*m + 7. Let n be z(5). What is the greatest common factor of 13 and n?
13
Suppose 2*h = -0*h. Suppose -4*m + 0 + 4 = h. Let l(s) = s**2 + 8*s - 8. Let j be l(-9). Calculate the greatest common factor of m and j.
1
Let p = -19 + 32. What is the highest common divisor of 65 and p?
13
Let q(f) = 3*f + 3. Let m be q(3). Calculate the greatest common divisor of m and 6.
6
Suppose -6 = -3*g, -5*g = -2*z + 5*z - 118. Calculate the highest common factor of 54 and z.
18
Let g be (8/(-3))/(2/(-36)). Suppose 3*q = 2*q + 24. Calculate the greatest common factor of q and g.
24
Let q be 4/14 + 519/21. Suppose 23 = 4*b - q. Let k(p) = 5*p - 1. Let r be k(5). Calculate the highest common factor of r and b.
12
Let s(y) = 2*y**2 - 4*y + 1. Let t be s(-8). Let w be t/3 + (-1)/(-3). Let h = 11 - 5. Calculate the highest common divisor of h and w.
6
Let r(p) = -p**2 + 10*p + 12. Let n be r(11). Let l(g) = g**2 + 6 + 0*g + n - 6*g - 6. Let a be l(7). What is the highest common divisor of a and 32?
8
Let o = -46 - -110. What is the highest common factor of o and 32?
32
Let y(t) = -t**3 - 5*t**2 + 4*t - 5. Let u be y(-6). Let p = u + -6. Suppose 7*i - 30 = 4*i. What is the highest common factor of p and i?
1
Let k(t) = -t**2 + 12*t - 2. Let a be k(10). Suppose -27 + 0 = -x. What is the greatest common divisor of x and a?
9
Let m be -1 + (37 - -2) + 2. Let g = m - 20. What is the greatest common factor of g and 5?
5
Suppose 0 = -3*m, 4*u - 4*m + 49 - 177 = 0. Let v be (-20)/6*-4*6. What is the greatest common factor of u and v?
16
Suppose 4*w - 6 = 2*w. What is the highest common factor of 3 and w?
3
Let h(l) = l**2 + 4*l - 2. Let o be h(-5). Let c = -2 + o. What is the greatest common divisor of 1 and c?
1
Suppose 5*s = 15 - 0. Calculate the greatest common divisor of s and 12.
3
Suppose i = 2*g + 4, 0 = 4*i - g - g - 22. Let f(y) = -y**2 + 7*y + 1. Let c be f(i). Calculate the greatest common factor of 1 and c.
1
Let b(d) be the third derivative of 35*d**4/24 + 3*d**2. Let j be b(4). What is the highest common divisor of j and 20?
20
Let u(r) = 12*r**3 - 2*r**2 - r + 2. Let d be u(1). Let h(w) = 34*w - 1. Let z be h(1). What is the highest common divisor of z and d?
11
Suppose 2*w = 6 + 4. Suppose 3*r - w = -2*r. Suppose p + 1 - 2 = 0. What is the highest common factor of p and r?
1
Let n(y) = -2 + y**2 - 1 + 7 + 8*y. Let h be n(-5). Let t = h + 26. Calculate the highest common divisor of 120 and t.
15
Let v(b) = -b**3 - 3*b**2 - 4*b - 6. Let g be v(-4). Let t be (-92)/(-7) + (-1)/7. Calculate the highest common factor of t and g.
13
Let m(h) be the second derivative of h**5/20 - h**4/6 - h**3/6 - 2*h**2 + h. Let y be m(4). Let u = 3 + y. What is the highest common factor of 3 and u?
3
Let x(b) = -16*b**3 + b**2 + b. Let m be x(-1). Let a be ((-8)/1)/(3/(-60)). Calculate the highest common divisor of m and a.
16
Suppose -5*x - 3*b + 115 = b, 34 = 2*x + 4*b. Calculate the greatest common divisor of x and 9.
9
Let u = -4 + 6. Calculate the highest common factor of 22 and u.
2
Suppose 0 = -3*i + 6 - 0. Let t = 3 - -2. Suppose -q = -4*o + 15 - 2, t*o + 4*q + 10 = 0. What is the greatest common divisor of o and i?
2
Let y = 16 - 9. Let u be y + 1 - (-1 + 1). Let z = 4 - 3. What is the greatest common factor of z and u?
1
Let z(x) be the first derivative of -9*x**4/4 - x**2 - x - 1. Let q be -2*3/6 - 0. Let b be z(q). What is the greatest common divisor of b and 10?
10
Let m be 565/7 - (-20)/70. Suppose -69 - m = -y. Calculate the greatest common factor of 15 and y.
15
Let q = 67 + -46. Let p = q - 14. What is the highest common divisor of p and 35?
7
Suppose -31 = -5*y - x, 5*y + 0*x - 3*x - 47 = 0. Calculate the highest common divisor of y and 56.
7
Let p = -6 - -8. Let x be p + 0 + -1 + 25. Calculate the greatest common divisor of 52 and x.
26
Let h(d) = -d**2 - 9*d - 4. Let c be h(-6). Let z be 168*((-6)/(-8) - 0). Calculate the greatest common divisor of z and c.
14
Let i be 14/(0 - -1*1). Suppose k - 5*z - 11 = 13, 0 = 5*z + 20. Suppose 4*x - x = -2*p + 460, 4*p = -k*x + 612. Calculate the highest common factor of x and i.
14
Suppose 0 = -8*r + 3*r - 3*j - 65, -4*r - 60 = 4*j. Let h be 32/r*(-140)/7. What is the greatest common divisor of h and 8?
8
Let k be (-8)/(-20) + (-7)/5. Suppose 2 + 4 = -3*g. Let d be 11 - (1 - g/k). Calculate the highest common divisor of d and 108.
12
Let d = 154 - 146. Calculate the highest common divisor of 224 and d.
8
Let b be 4/18 + 50/18 - 1. What is the greatest common divisor of b and 4?
2
Suppose 22*o = 23*o - 2. Calculate the greatest common factor of o and 6.
2
Let l(m) = m**3 + 10*m**2 + 5*m + 4. Let z be l(-9). Calculate the greatest common factor of 8 and z.
8
Suppose 3 = 4*x - 3*x. Suppose 18 = -x*n - 2*o - o, 4 = -2*o. Let f be (-55)/n + (-6)/(-24). Calculate the highest common factor of f and 7.
7
Let q = 26 - 20. What is the greatest common divisor of 3 and q?
3
Let w(t) = t**2 - 3. Suppose -4*x + 6 = -14. Let c be w(x). What is the highest common factor of 198 and c?
22
Let o = 118 - 13. Let b = -32 + 53. What is the greatest common factor of o and b?
21
Let u = -4 - -32. Calculate the highest common divisor of u and 4.
4
Suppose -5*y + k = -525, -k - 279 - 141 = -4*y. Suppose 188 = -4*z - 4*s, -4*s + 0*s = -z - 57. Let w = z - -70. What is the highest common factor of y and w?
21
Let o = 102 + -71. Let w be (-4 + 2 + 1)*-29. Suppose -2*p + 2*m = 5*m - w, -3*p = 2*m - o. Calculate the greatest common divisor of 7 and p.
7
Let m be (-7)/(-2)*40/14. Let s(y) = y**2 - y + 5. Let p be s(m). What is the greatest common factor of p and 19